 = j + 2. Let a be s(8). Suppose -w - a = -3*w. Suppose 0*q - q + w = 0. What is the remainder when 12 is divided by q?
2
Let r(h) = 69*h + 1022. What is the remainder when 167 is divided by r(-14)?
55
Let q be (-12)/(-8)*6 + -4. Suppose 0*j - 20 = -q*j. Let s = 33 - 23. What is the remainder when s is divided by j?
2
Suppose 0*l - 5*l + 469 = 4*k, 3*l = 3*k - 345. Suppose -13*a + 53 + k = 0. What is the remainder when 61 is divided by a?
9
Let d(w) = w**2 + 8*w - 5. Let h be d(-10). Let x be ((-8)/12)/(-2)*h. Suppose i = -x + 34. What is the remainder when i is divided by 15?
14
Let w be -86*(55/(-10) + 2). Let o = w + -211. Calculate the remainder when o is divided by 0 + (-46)/(4/(-2)).
21
Suppose 0 = -23*w + 20*w + 411. Suppose 0 = -3*c - 8 + w. What is the remainder when c is divided by 17?
9
Let c(g) = 6*g + 7. Let d be c(10). Let s = d - 24. Calculate the remainder when s is divided by 15.
13
Let h(v) = 14*v - 230. What is the remainder when h(20) is divided by 16?
2
Let r = 0 - -7. Let w be (2538/(-36))/((-1)/(-2) + -1). What is the remainder when w/6 - ((-28)/8 - -2) is divided by r?
4
Let z(y) = 21*y**3. Let u(i) = i**3 - 6*i**2 - 8*i + 8. Suppose 0*t - t - 1 = 2*d, -d - 4 = 0. Let r be u(t). What is the remainder when z(r) is divided by 8?
5
Let f(h) = -33*h - 92. What is the remainder when f(-7) is divided by 20?
19
Suppose 4 = y - 5. Suppose -m - 120 = -y*m. What is the remainder when 38 is divided by m?
8
Suppose 0 = 10*m - 347 - 3. What is the remainder when 229 is divided by m?
19
Let t = -129 + 177. Calculate the remainder when t is divided by 29.
19
Suppose i = -z - 27 - 84, 0 = i - 5*z + 99. Let j = -96 - i. Calculate the remainder when 38 is divided by j.
12
Let g be (5/5)/(1/3). Suppose -3*b + 2 - 11 = 0, 4*t - g*b = 61. Calculate the remainder when 36 is divided by t.
10
Let v = -27 - 0. What is the remainder when 25 is divided by (-42)/(-5) - v/45?
7
Let k(u) = 40*u**2 - 2*u + 4. Let j be k(2). Suppose 8*m = 4*m + j. Calculate the remainder when 197 is divided by m.
37
Let p(k) = 3*k + 57. Suppose 0 = 4*n - 5*n. Calculate the remainder when p(n) is divided by 15.
12
Suppose p - 8*p = -476. Suppose -3*t + 8 + 1 = 0. Suppose 16 = -t*f + 58. Calculate the remainder when p is divided by f.
12
Suppose 0*o + o + 4*a - 15 = 0, 2*o - 21 = -5*a. Let z(n) = -n**3 + 11*n**2 - 6*n - 3. What is the remainder when z(10) is divided by 3*o/(-6) - 19/(-2)?
5
Suppose -4 - 57 = -3*r - 4*s, 5*r - 3*s = 121. Calculate the remainder when 64 is divided by r.
18
Suppose 8*d - 2*d = -12. Let t be d/(-10) + 944/80. Suppose 0 = -4*s + t. Calculate the remainder when s is divided by 1.
0
Let m = -63 + 66. Suppose m*c - 33 = 4*a, 4*c - 4*a - 44 = 4. Calculate the remainder when c is divided by (-7 + 1)/((-4)/4).
3
Let l be 2/(-4) + (-492)/(-24). Let f(w) = 0 + 2 - 1 + l*w. Calculate the remainder when f(1) is divided by 6.
3
Suppose 0 = -11*m + 1688 - 214. Calculate the remainder when m is divided by 71.
63
Let z(b) = b**2 - 9*b + 12. Let s be z(8). Suppose 4*w = -s*j + w + 147, -w - 107 = -3*j. Let d = 747 - 728. Calculate the remainder when j is divided by d.
17
Suppose -62 + 84 = 2*g. Let a = 4 - -15. What is the remainder when a is divided by g?
8
What is the remainder when 164 is divided by (2 - 9) + (-100)/(-2)?
35
Suppose -6*x + 2*x = 5*u + 456, -x = -2*u - 172. Suppose 4*s = -66 - 58. Let w = s - u. What is the remainder when w is divided by 15?
12
Suppose 3*x - z = -270 - 133, -2*x + 2*z = 266. Let s = x + 142. Calculate the remainder when s is divided by -2 - ((-12)/(-2))/(-1).
3
Let i = -13 - -18. Suppose 3*h + 7 = 1, -i*v - 5*h + 225 = 0. Let o = v - 22. Calculate the remainder when o is divided by 13.
12
Let g(d) = 4*d**2 - 21. Calculate the remainder when 37 is divided by g(-3).
7
Suppose -5*s + 7 + 68 = 0. Suppose 0 = -u + 4*u - 45. Let r = -9 + u. Calculate the remainder when s is divided by r.
3
Let z = 227 + -138. Suppose 87*i - z*i + 138 = 0. What is the remainder when i is divided by 9?
6
Let z = 550 - 483. Calculate the remainder when z is divided by 5.
2
Suppose 5*j = f + 4, -4*f - 2*j = -36 - 14. Let a = -345 + 374. What is the remainder when a is divided by f?
7
Let z = -710 - -1067. What is the remainder when z is divided by 45?
42
Let w be (((-2)/3)/(-2))/((-1)/(-195)). Let x = w + -45. What is the remainder when 78 is divided by x?
18
Let m(d) = 3*d**2 + 3*d - 3. Suppose -5*s + 120 = -5*b, 213 - 48 = 5*s + 4*b. What is the remainder when s is divided by m(-3)?
14
Let n be (-14)/(-6) - ((-14)/3 - -4). Suppose n*z - 27 - 126 = 0. What is the remainder when z is divided by 18?
15
Suppose 0 = -3*d - 4*d + 2*d. Suppose -q + 6 + 7 = d. What is the remainder when 23 is divided by q?
10
Let g = -35 - -100. Suppose g = -2*l - 3*l. Let o = 21 + l. What is the remainder when 31 is divided by o?
7
Let s = 404 + -379. What is the remainder when s is divided by 7?
4
Let t(g) = g - 1. Let v be t(1). Suppose -3*b - 12 = 0, v*p + 5*b = -p - 13. Let h = -1647 + 1652. Calculate the remainder when p is divided by h.
2
Let n be 4 + ((-84)/(-4) - 1). Let j be (-3)/9 + 1352/n. Suppose i - j = 9. What is the remainder when i is divided by 17?
14
Let d(n) = -n**3 + 8*n**2 + n + 7. Calculate the remainder when 477 is divided by d(8).
12
Suppose -5*o = 4*b + b - 180, -3*b = o - 30. What is the remainder when o is divided by 3 - ((-1)/(-3))/((-3)/45)?
7
Suppose -21*l = -18*l - 5*u - 133, -5*u + 119 = 4*l. Let p(y) = -143*y**3 + 2*y + 1. What is the remainder when p(-1) is divided by l?
34
Suppose 2*p + 7 = 7*p + q, 4*p - q = 11. Suppose -4*s - 2 = -p*g, 2*g + 2*g - 3*s - 24 = 0. Let h = -13 + 18. Calculate the remainder when g is divided by h.
4
What is the remainder when ((2/2)/((-60)/2700))/(-1) is divided by 20?
5
Let i be (-1565)/(-20) - (-2)/(-8). Let x = 121 - i. What is the remainder when 128 is divided by x?
42
Calculate the remainder when 64 is divided by 1/(1/(-1 + -16)*-1).
13
Let l be -1*(1 - 3) + 1. Suppose 0 = t - 4*n - 20, 4*t + l*n + 2*n = -4. Suppose -5*h + 41 = 3*s, -3 = -t*h + 1. What is the remainder when 35 is divided by s?
11
Let d(p) = -p**3 - 18*p**2 - 4*p - 55. Let j(x) = -2*x - 11. Let u be 3*(-9)/3 + 1. Calculate the remainder when d(-18) is divided by j(u).
2
Suppose -k - 3 = d - 4, -3*k + 11 = -d. What is the remainder when 8/(-6) + (-513)/(-81) is divided by k?
2
Let v(c) be the second derivative of c**3/6 + 9*c**2/2 + 11*c. Calculate the remainder when (4/6)/(2/6) is divided by v(-8).
0
Suppose 25*y + 3*y = 2548. What is the remainder when 243 is divided by y?
61
Let c be 3 - (1 + -7 + 4). Suppose 57 = -2*b + 5*b - 3*n, 0 = -4*b - c*n + 94. Let h = 194 - 113. What is the remainder when h is divided by b?
18
Suppose -2*u + 3*f = -49, -4*u = -2*f + 34 - 136. Calculate the remainder when (3 - -1) + -6 + 105 is divided by u.
25
Let z(d) = 2*d - 11 + 11. Let k be z(2). Suppose -k*h = -19 - 9. Calculate the remainder when h is divided by 5.
2
Suppose 132 = -2*u - 2*t, -2*t = -6*u + 2*u - 252. What is the remainder when (-3 - 0)/(6/u) is divided by 17?
15
Suppose 4*s = 36 - 4. Suppose 24 = 3*z - 45. Calculate the remainder when z is divided by s.
7
Let m(y) = -6*y + 12. Suppose -29 = 4*d + 3*u, d - 4*d - 4*u = 13. Let r be m(d). Let g = 184 - r. Calculate the remainder when g is divided by 27.
25
Suppose -r = -2*r - 3*d + 33, 5*d - 15 = 0. Let k(p) = p**3 + 12*p**2 + 16*p - 52. Calculate the remainder when k(-9) is divided by r.
23
Let s(q) = -q**2 - 31*q - 199. Calculate the remainder when s(-15) is divided by 22.
19
Suppose 4*s - 495 = -3*j, 220 = 29*s - 27*s - 4*j. Calculate the remainder when s is divided by 24.
0
Suppose -14*o - 156 = -660. Calculate the remainder when (-1168)/(-12) + 4/6 is divided by o + (-1 - -1) + -3.
32
Let c(n) = 8*n + 16*n - 2*n**2 + 0*n**2 + n**2 + 4. Let w be c(12). Suppose -g + w = 3*g. Calculate the remainder when g is divided by 13.
11
Suppose 0 = h + 6 - 4. Let g be 1 - h - (-4 - 1). Let s = g + -1. What is the remainder when 23 is divided by s?
2
Let z be 10 + -10 - (0 + -6). Let u be (-33)/(-7) - z/(-21). Suppose u = -s + 25. Calculate the remainder when 59 is divided by s.
19
Let x(q) = -3*q + 11. Let l be x(2). Let c(p) be the first derivative of p**4/4 - 5*p**3/3 - p**2 + 11*p - 2. 